{"id":14,"date":"2023-07-21T16:32:57","date_gmt":"2023-07-21T16:32:57","guid":{"rendered":"https:\/\/universaldeseguridad.com\/?page_id=14"},"modified":"2023-07-24T21:59:57","modified_gmt":"2023-07-24T21:59:57","slug":"seguridad-con-armas","status":"publish","type":"page","link":"https:\/\/universaldeseguridad.com\/index.php\/seguridad-con-armas\/","title":{"rendered":"SEGURIDAD CON ARMAS"},"content":{"rendered":"\n<p>Con talento humano \u00edntegro,  entrenado y capacitado, comunicaci\u00f3n permanente, armamento adecuado, brindamos seguridad y protecci\u00f3n; a nuestros importantes clientes, su integridad  y patrimonio a nivel nacional.<\/p>\n\n\n\n<figure class=\"wp-block-image aligncenter size-full is-resized\"><img decoding=\"async\" loading=\"lazy\" src=\"https:\/\/universaldeseguridad.com\/wp-content\/uploads\/2023\/07\/imgSUSeguridadconarmas-1.jpg\" alt=\"\" class=\"wp-image-193\" width=\"372\" height=\"279\" srcset=\"https:\/\/universaldeseguridad.com\/wp-content\/uploads\/2023\/07\/imgSUSeguridadconarmas-1.jpg 1024w, https:\/\/universaldeseguridad.com\/wp-content\/uploads\/2023\/07\/imgSUSeguridadconarmas-1-300x225.jpg 300w, https:\/\/universaldeseguridad.com\/wp-content\/uploads\/2023\/07\/imgSUSeguridadconarmas-1-768x576.jpg 768w\" sizes=\"(max-width: 372px) 100vw, 372px\" \/><\/figure>\n\n\n\n<p><strong>\u00bfCOMO BRINDAMOS EL SERVICIO DE  SEGURIDAD CON ARMAS ?<\/strong><\/p>\n\n\n\n<p>Existen entornos, instalaciones, infraestructura y negocios de nuestros importantes clientes a proteger en \u00e1reas geogr\u00e1ficas especificas urbanas o rurales, con mayores riesgos y amenazas que exigen la prestaci\u00f3n del servicio de vigilancia y seguridad con armamento letal, el cu\u00e1l es portado por nuestro personal , bajo altos est\u00e1ndares de seguridad, control y bajo el estricto cumplimiento de los Principios Voluntarios en Seguridad y Derechos Humanos.<\/p>\n\n\n\n<p>Mediante rigurosos protocolos; adecuados a las necesidades particulares de cada uno de quienes conf\u00edan en nuestra experiencia, empleamos medios tecnol\u00f3gicos avanzados, aplicaci\u00f3n de Comando, Control, Control y Comunicaciones TOGO 3Ci \u00ae y supervisi\u00f3n permanente.<\/p>\n\n\n\n<p><br>\u00bf<strong>A QUIEN BRINDAMOS <strong> SEGURIDAD CON ARMAS <\/strong>? <\/strong><\/p>\n\n\n\n<p>Clientes Corporativos. <\/p>\n\n\n\n<p>Clientes Residenciales.<\/p>\n\n\n\n<p>Sector Financiero.<\/p>\n\n\n\n<p>Sector Agroindustrial.<\/p>\n\n\n\n<p>Sector Servicios.<\/p>\n\n\n\n<p>Sector Log\u00edstica y Transporte. <\/p>\n\n\n\n<p>Sector Construcci\u00f3n e Infraestructura.<\/p>\n\n\n\n<p>\u00bf<strong>QUE BUSCAMOS CON<strong> LA PRESTACI\u00d3N DEL SERVICIO DE SEGURIDAD CON ARMAS <\/strong>? <\/strong><\/p>\n\n\n\n<p>Generar entornos seguros, para nuestros clientes en sus instalaciones, brindando protecci\u00f3n y vigilancia permanente.<\/p>\n\n\n\n<p>Efectuar actividades coordinadas a trav\u00e9s de nuestro Centro de Comando, Control, Comunicaciones e Informaci\u00f3n, CECON-C3i bajo la ESTRATEGIA de; \u00abanticipaci\u00f3n, disuasi\u00f3n, prevenci\u00f3n, detecci\u00f3n, retardo, control e intervenci\u00f3n oportuna; en coordinaci\u00f3n con la Polic\u00eda Nacional.<\/p>\n\n\n\n<p>Adaptarse a las necesidades  y expectativas de cada uno de nuestros importantes clientes.<\/p>\n\n\n\n<p>\u00bf<strong>QUE SERVICIOS DE SEGURIDAD CON ARMAS BRINDAMOS ?<\/strong><\/p>\n\n\n\n<p>Seguridad Fija. <\/p>\n\n\n\n<p>Seguridad M\u00f3vil. <\/p>\n\n\n\n<p><\/p>\n\n\n\n<p><\/p>\n\n\n\n<p><\/p>\n","protected":false},"excerpt":{"rendered":"<p>Con talento humano \u00edntegro, entrenado y capacitado, comunicaci\u00f3n permanente, armamento adecuado, brindamos seguridad y protecci\u00f3n; a nuestros importantes clientes, su integridad y patrimonio a nivel nacional. \u00bfCOMO BRINDAMOS EL SERVICIO DE SEGURIDAD CON ARMAS ? Existen entornos, instalaciones, infraestructura y negocios de nuestros importantes clientes a proteger en \u00e1reas geogr\u00e1ficas especificas urbanas o rurales, con &hellip;<\/p>\n<p class=\"read-more\"> <a class=\"\" href=\"https:\/\/universaldeseguridad.com\/index.php\/seguridad-con-armas\/\"> <span class=\"screen-reader-text\">SEGURIDAD CON ARMAS<\/span> Leer m\u00e1s &raquo;<\/a><\/p>\n","protected":false},"author":1,"featured_media":0,"parent":0,"menu_order":0,"comment_status":"closed","ping_status":"closed","template":"","meta":{"_uag_custom_page_level_css":"","site-sidebar-layout":"default","site-content-layout":"default","ast-global-header-display":"","ast-banner-title-visibility":"","ast-main-header-display":"","ast-hfb-above-header-display":"","ast-hfb-below-header-display":"","ast-hfb-mobile-header-display":"","site-post-title":"","ast-breadcrumbs-content":"","ast-featured-img":"","footer-sml-layout":"","theme-transparent-header-meta":"","adv-header-id-meta":"","stick-header-meta":"","header-above-stick-meta":"","header-main-stick-meta":"","header-below-stick-meta":""},"uagb_featured_image_src":{"full":false,"thumbnail":false,"medium":false,"medium_large":false,"large":false,"1536x1536":false,"2048x2048":false},"uagb_author_info":{"display_name":"director","author_link":"https:\/\/universaldeseguridad.com\/index.php\/author\/director\/"},"uagb_comment_info":0,"uagb_excerpt":"Con talento humano \u00edntegro, entrenado y capacitado, comunicaci\u00f3n permanente, armamento adecuado, brindamos seguridad y protecci\u00f3n; a nuestros importantes clientes, su integridad y patrimonio a nivel nacional. \u00bfCOMO BRINDAMOS EL SERVICIO DE SEGURIDAD CON ARMAS ? Existen entornos, instalaciones, infraestructura y negocios de nuestros importantes clientes a proteger en \u00e1reas geogr\u00e1ficas especificas urbanas o rurales, con&hellip;","_links":{"self":[{"href":"https:\/\/universaldeseguridad.com\/index.php\/wp-json\/wp\/v2\/pages\/14"}],"collection":[{"href":"https:\/\/universaldeseguridad.com\/index.php\/wp-json\/wp\/v2\/pages"}],"about":[{"href":"https:\/\/universaldeseguridad.com\/index.php\/wp-json\/wp\/v2\/types\/page"}],"author":[{"embeddable":true,"href":"https:\/\/universaldeseguridad.com\/index.php\/wp-json\/wp\/v2\/users\/1"}],"replies":[{"embeddable":true,"href":"https:\/\/universaldeseguridad.com\/index.php\/wp-json\/wp\/v2\/comments?post=14"}],"version-history":[{"count":10,"href":"https:\/\/universaldeseguridad.com\/index.php\/wp-json\/wp\/v2\/pages\/14\/revisions"}],"predecessor-version":[{"id":194,"href":"https:\/\/universaldeseguridad.com\/index.php\/wp-json\/wp\/v2\/pages\/14\/revisions\/194"}],"wp:attachment":[{"href":"https:\/\/universaldeseguridad.com\/index.php\/wp-json\/wp\/v2\/media?parent=14"}],"curies":[{"name":"wp","href":"https:\/\/api.w.org\/{rel}","templated":true}]}}